 288 (base 11) to base 2.
101010010
Convert 2727 (base 11) to base 3.
11212001
12245 (base 6) to base 13
aa9
-8a4 (base 16) to base 9
-3027
-3343 (base 5) to base 14
-25b
What is 391 (base 11) in base 4?
13033
93 (base 15) to base 16
8a
-596 (base 13) to base 8
-1710
Convert 222230 (base 4) to base 8.
5254
What is 1544 (base 8) in base 15?
3cd
What is 4324 (base 7) in base 10?
1537
161 (base 9) to base 13
a6
What is -14523 (base 9) in base 14?
-3875
3205 (base 6) to base 8
1325
What is 1200222 (base 3) in base 8?
2331
Convert -480 (base 12) to base 16.
-2a0
Convert -3616 (base 11) to base 9.
-6442
Convert -26b (base 15) to base 13.
-335
Convert 2041 (base 7) to base 9.
874
What is -2150 (base 11) in base 7?
-11163
Convert -570 (base 14) to base 15.
-4bd
Convert 267 (base 12) to base 8.
557
What is -1ba (base 15) in base 14?
-208
4a2 (base 13) to base 6
3424
What is -ac4 (base 15) in base 6?
-15134
What is 200220120 (base 3) in base 12?
7b89
-302322 (base 4) to base 14
-128a
-6d4 (base 15) to base 4
-120031
What is -471 (base 11) in base 4?
-20302
Convert 5573 (base 10) to base 2.
1010111000101
What is -5131 (base 7) in base 11?
-1384
Convert -5433 (base 8) to base 4.
-230123
Convert -66455 (base 8) to base 13.
-c94c
-1435 (base 13) to base 4
-231211
-201101 (base 3) to base 14
-295
d116 (base 15) to base 14
12117
-3132 (base 6) to base 14
-384
What is -8601 (base 9) in base 5?
-200234
-8b6 (base 15) to base 12
-1183
Convert -2024122 (base 5) to base 2.
-1000000100001101
What is -764 (base 14) in base 2?
-10110110100
-17f0 (base 16) to base 6
-44212
What is 211 (base 7) in base 13?
82
210202 (base 4) to base 9
3177
What is 1001010111 (base 2) in base 8?
1127
9835 (base 10) to base 7
40450
Convert 3208 (base 14) to base 16.
21b8
What is -110101010011 (base 2) in base 3?
-11200100
Convert -804 (base 15) to base 3.
-2110211
Convert 16d65 (base 14) to base 7.
326455
620 (base 14) to base 13
718
Convert 1120 (base 6) to base 8.
410
What is 22602 (base 8) in base 14?
36dc
Convert -73 (base 8) to base 12.
-4b
What is 1212003 (base 5) in base 11?
16105
What is -210143 (base 7) in base 13?
-13577
What is 63153 (base 7) in base 10?
15522
Convert 1000112001 (base 3) to base 6.
232514
What is -5367 (base 11) in base 14?
-2827
What is 245 (base 10) in base 9?
302
7613 (base 9) to base 7
22221
Convert 28c0 (base 16) to base 11.
7924
What is -6590 (base 15) in base 7?
-116466
7cc2 (base 13) to base 15
5310
Convert 398 (base 11) to base 6.
2102
What is -5b04 (base 13) in base 11?
-9720
What is 10020100 (base 3) in base 14?
c06
What is 2ed4 (base 16) in base 8?
27324
What is -100234 (base 5) in base 6?
-22442
Convert -21573 (base 9) to base 5.
-424242
Convert -10021121 (base 4) to base 3.
-212022002
212 (base 15) to base 14
255
Convert 231 (base 12) to base 16.
145
Convert -22133 (base 5) to base 8.
-3007
What is 3736 (base 16) in base 2?
11011100110110
What is -300042 (base 6) in base 12?
-11622
-1402034 (base 5) to base 2
-110111011101010
What is -30101000 (base 4) in base 14?
-14448
-414314 (base 5) to base 14
-4dd3
What is -997 (base 11) in base 15?
-54a
-2304 (base 6) to base 14
-2ac
What is -32fa (base 16) in base 12?
-7676
179 (base 11) to base 16
cf
What is 2c (base 13) in base 8?
46
What is -27273 (base 11) in base 3?
-1222101112
Convert -4545 (base 12) to base 3.
-101112122
220d (base 16) to base 14
3269
-652 (base 14) to base 3
-1201020
What is -12176 (base 9) in base 13?
-3945
387 (base 9) to base 15
167
Convert 4b60 (base 12) to base 14.
31a0
-6c1 (base 15) to base 14
-7b5
-c325 (base 16) to base 11
-34596
-1406 (base 9) to base 8
-2043
3194 (base 10) to base 9
4338
What is -173a6 (base 12) in base 13?
-12276
5561 (base 12) to base 5
300213
Convert 236354 (base 7) to base 3.
2012001212
Convert -4a8d (base 15) to base 12.
-9237
26010 (base 8) to base 14
4172
Convert -11011 (base 2) to base 5.
-102
23aa5 (base 12) to base 14
13805
4b60 (base 12) to base 11
648a
What is 7055 (base 9) in base 6?
35505
-110110111100010 (base 2) to base 3
-1102120212
-22222112 (base 3) to base 2
-1100110010100
Convert 210021001 (base 3) to base 9.
23231
What is 17462 (base 8) in base 13?
3834
What is 31424 (base 6) in base 2?
1000010101000
Convert 2220102 (base 3) to base 6.
13445
What is -78d (base 16) in base 5?
-30213
What is 1011310 (base 4) in base 11?
33a2
30311 (base 4) to base 3
1010102
-511 (base 8) to base 10
-329
What is 5887 (base 16) in base 12?
11147
Convert 1031 (base 4) to base 14.
57
What is 1321012 (base 4) in base 5?
222000
What is 392 (base 11) in base 9?
565
What is -c48 (base 16) in base 14?
-1208
-6762 (base 8) to base 5
-103240
Convert -550 (base 11) to base 5.
-10120
ba29 (base 15) to base 2
1001100111110110
What is -1161 (base 12) in base 3?
-2200001
-14734 (base 9) to base 13
-4780
Convert 1053 (base 7) to base 9.
463
What is 3737 (base 9) in base 16?
ae4
-11330 (base 4) to base 6
-1432
-1233 (base 7) to base 3
-122020
Convert 325022 (base 6) to base 7.
141521
What is -8a18 (base 15) in base 13?
-1042a
What is 2c (base 14) in base 4?
220
Convert 101001111101 (base 2) to base 11.
2021
3668 (base 10) to base 3
12000212
667 (base 16) to base 12
b47
What is -100001100010111 (base 2) in base 12?
-9b33
Convert 12100 (base 4) to base 9.
484
Convert -12001121 (base 3) to base 6.
-25024
-42a9 (base 12) to base 9
-11043
Convert -132a (base 13) to base 8.
-5264
373 (base 8) to base 12
18b
Convert -23053 (base 8) to base 11.
-7383
What is -220220 (base 3) in base 10?
-672
What is 135233 (base 6) in base 7?
52266
Convert -319 (base 10) to base 16.
-13f
What is -3206 (base 7) in base 12?
-7a5
What is 1690 (base 11) in base 12?
12b8
11521 (base 6) to base 14
89b
What is 20102211 (base 3) in base 4?
1021111
Convert -2424 (base 5) to base 9.
-444
Convert -8575 (base 14) to base 11.
-16341
Convert -12315 (base 8) to base 13.
-2568
Convert 181 (base 13) to base 10.
274
What is 101100 (base 2) in base 6?
112
c17 (base 13) to base 14
a64
What is 111241 (base 6) in base 16?
24a9
Convert -147b (base 16) to base 10.
-5243
What is 39ac (base 16) in base 9?
22224
-222105 (base 6) to base 2
-100100010111001
Convert -4553 (base 7) to base 12.
-b5b
What is -231304 (base 6) in base 12?
-b534
Convert 1000001100010101 (base 2) to base 7.
166556
What is 124414 (base 5) in base 6?
35024
What is 120242 (base 6) in base 15?
317b
Convert -177 (base 13) to base 4.
-10023
Convert 11213 (base 4) to base 10.
359
-1000100110 (base 2) to base 15
-26a
-535 (base 7) to base 15
-131
b7 (base 16) to base 13
111
What is -2739 (base 11) in base 16?
-ddf
-109 (base 13) to base 5
-1203
What is -735 (base 8) in base 13?
-2a9
-101210 (base 4) to base 12
-798
Convert -101000001010 (base 2) to base 6.
-15522
What is -1110 (base 12) in base 14?
-988
Convert -817 (base 9) to base 7.
-1636
What is -22113 (base 5) in base 6?
-11033
What is -9742 (base 15) in base 14?
-b948
5022 (base 7) to base 6
12003
What is -1110000011011 (base 2) in base 5?
-212240
204a6 (base 12) to base 8
122276
Convert 437 (base 12) to base 13.
388
35571 (base 10) to base 5
2114241
What is 58a (base 13) in base 7?
2540
-1020 (base 6) to base 14
-124
Convert 1102010121 (base 3) to base 9.
42117
-30025 (base 6) to base 13
-1a15
3631 (base 11) to base 7
16600
Convert 287 (base 10) to base 11.
241
What is 34452 (base 7) in base 9?
13066
-10721 (base 9) to base 11
-5408
What is -31532 (base 6) in base 16?
-10d0
Convert -23a (base 12) to base 14.
-19c
What is 32111300 (base 4) in base 15?
1260b
19bd (base 15) to base 14
2066
-2218a (base 11) to base 9
-48106
-212021 (base 3) to base 9
-767
Convert 16423 (base 7) to base 13.
2185
Convert 16620 (base 11) to base 14.
8739
-338 (base 9) to base 12
-1b2
What is -102323 (base 4) in base 14?
-627
What is 120000 (base 3) in base 10?
405
-4410 (base 5) to base 4
-21131
What is 105022 (base 6) in base 14?
3338
What is 2406 (base 10) in base 15?
aa6
What is 300323 (base 4) in base 13?
156b
2c2 (base 16) to base 9
864
Convert -622 (base 9) to base 11.
-420
17ca3 (base 15) to base 16
12d2f
Convert 5255 (base 7) to base 16.
73d
-3 (base 4) to base 15
-3
What is -278 (base 10) in base 3?
-101022
What is 31340 (base 5) in base 2?
100000101111
102200 (base 3) to base 8
473
Convert -132000 (base 6